{"id":364,"date":"2022-10-17T09:43:58","date_gmt":"2022-10-17T07:43:58","guid":{"rendered":"http:\/\/creacom-paca.fr\/?page_id=364"},"modified":"2023-04-27T16:56:25","modified_gmt":"2023-04-27T14:56:25","slug":"contact","status":"publish","type":"page","link":"https:\/\/creacom-paca.fr\/?page_id=364","title":{"rendered":"Contact"},"content":{"rendered":"\t\t<div data-elementor-type=\"wp-page\" data-elementor-id=\"364\" class=\"elementor elementor-364\">\n\t\t\t\t\t\t\t\t\t<section class=\"elementor-section elementor-top-section elementor-element elementor-element-fb64500 elementor-section-full_width elementor-section-height-default elementor-section-height-default\" data-id=\"fb64500\" data-element_type=\"section\">\n\t\t\t\t\t\t<div class=\"elementor-container elementor-column-gap-default\">\n\t\t\t\t\t<div class=\"elementor-column elementor-col-50 elementor-top-column elementor-element elementor-element-5ea5ea3\" data-id=\"5ea5ea3\" data-element_type=\"column\">\n\t\t\t<div class=\"elementor-widget-wrap elementor-element-populated\">\n\t\t\t\t\t\t\t\t<div class=\"elementor-element elementor-element-f2660ca elementor-widget elementor-widget-text-editor\" data-id=\"f2660ca\" data-element_type=\"widget\" data-widget_type=\"text-editor.default\">\n\t\t\t\t<div class=\"elementor-widget-container\">\n\t\t\t<style>\/*! elementor - v3.17.0 - 25-10-2023 *\/\n.elementor-widget-text-editor.elementor-drop-cap-view-stacked .elementor-drop-cap{background-color:#69727d;color:#fff}.elementor-widget-text-editor.elementor-drop-cap-view-framed .elementor-drop-cap{color:#69727d;border:3px solid;background-color:transparent}.elementor-widget-text-editor:not(.elementor-drop-cap-view-default) .elementor-drop-cap{margin-top:8px}.elementor-widget-text-editor:not(.elementor-drop-cap-view-default) .elementor-drop-cap-letter{width:1em;height:1em}.elementor-widget-text-editor .elementor-drop-cap{float:left;text-align:center;line-height:1;font-size:50px}.elementor-widget-text-editor .elementor-drop-cap-letter{display:inline-block}<\/style>\t\t\t\t<p><b><img loading=\"lazy\" decoding=\"async\" class=\"alignleft size-medium wp-image-14\" src=\"http:\/\/creacom-paca.fr\/wp-content\/uploads\/2022\/10\/denys-turrier-196x300.jpg\" alt=\"\" width=\"196\" height=\"300\" srcset=\"https:\/\/creacom-paca.fr\/wp-content\/uploads\/2022\/10\/denys-turrier-196x300.jpg 196w, https:\/\/creacom-paca.fr\/wp-content\/uploads\/2022\/10\/denys-turrier-668x1024.jpg 668w, https:\/\/creacom-paca.fr\/wp-content\/uploads\/2022\/10\/denys-turrier-768x1177.jpg 768w, https:\/\/creacom-paca.fr\/wp-content\/uploads\/2022\/10\/denys-turrier.jpg 867w\" sizes=\"auto, (max-width: 196px) 100vw, 196px\" \/><\/b>Notre entreprise est \u00e0 votre disposition<\/p><p><b>sur rendez-vous.<\/b><\/p><p><b style=\"font-style: inherit; background-color: var(--ast-global-color-5);\">Tous nos devis sont gratuits.<\/b><\/p><p><span style=\"font-style: inherit; background-color: var(--ast-global-color-5);\">Nous proposons<\/span><b style=\"font-style: inherit; background-color: var(--ast-global-color-5);\"> nos services pour l&rsquo;ensemble de votre projet<\/b><span style=\"font-style: inherit; background-color: var(--ast-global-color-5);\"> depuis la <\/span><b style=\"font-style: inherit; background-color: var(--ast-global-color-5);\">photographie,<\/b><span style=\"font-style: inherit; background-color: var(--ast-global-color-5);\"> le <\/span><b style=\"font-style: inherit; background-color: var(--ast-global-color-5);\">clip vid\u00e9o,<\/b><span style=\"font-style: inherit; background-color: var(--ast-global-color-5);\"> en passant par la <\/span><b style=\"font-style: inherit; background-color: var(--ast-global-color-5);\">conception graphique et l&rsquo;impression sur tous les supports.<\/b><\/p>\t\t\t\t\t\t<\/div>\n\t\t\t\t<\/div>\n\t\t\t\t<div class=\"elementor-element elementor-element-32494a0 elementor-widget elementor-widget-text-editor\" data-id=\"32494a0\" data-element_type=\"widget\" data-widget_type=\"text-editor.default\">\n\t\t\t\t<div class=\"elementor-widget-container\">\n\t\t\t\t\t\t\t<p><b>T\u00e9l\u00e9phone<\/b> : <a href=\"http:\/\/0611840675\" data-wplink-url-error=\"true\">06 11 84 06 75<\/a><\/p><p style=\"font-size: 15px; font-style: normal;\"><b>Mail <\/b><span style=\"font-weight: 400;\">: <a href=\"mailto:made-in-13@orange.fr\">fleuveroi13@gmail.com<\/a><\/span><\/p>\t\t\t\t\t\t<\/div>\n\t\t\t\t<\/div>\n\t\t\t\t\t<\/div>\n\t\t<\/div>\n\t\t\t\t<div class=\"elementor-column elementor-col-50 elementor-top-column elementor-element elementor-element-5f5347e\" data-id=\"5f5347e\" data-element_type=\"column\">\n\t\t\t<div class=\"elementor-widget-wrap elementor-element-populated\">\n\t\t\t\t\t\t\t\t<div class=\"elementor-element elementor-element-ac89892 elementor-widget elementor-widget-heading\" data-id=\"ac89892\" data-element_type=\"widget\" data-widget_type=\"heading.default\">\n\t\t\t\t<div class=\"elementor-widget-container\">\n\t\t\t<style>\/*! elementor - v3.17.0 - 25-10-2023 *\/\n.elementor-heading-title{padding:0;margin:0;line-height:1}.elementor-widget-heading .elementor-heading-title[class*=elementor-size-]>a{color:inherit;font-size:inherit;line-height:inherit}.elementor-widget-heading .elementor-heading-title.elementor-size-small{font-size:15px}.elementor-widget-heading .elementor-heading-title.elementor-size-medium{font-size:19px}.elementor-widget-heading .elementor-heading-title.elementor-size-large{font-size:29px}.elementor-widget-heading .elementor-heading-title.elementor-size-xl{font-size:39px}.elementor-widget-heading .elementor-heading-title.elementor-size-xxl{font-size:59px}<\/style><h2 class=\"elementor-heading-title elementor-size-default\">Formulaire de contact<\/h2>\t\t<\/div>\n\t\t\t\t<\/div>\n\t\t\t\t<div class=\"elementor-element elementor-element-2d17f41 elementor-widget elementor-widget-wpforms\" data-id=\"2d17f41\" data-element_type=\"widget\" data-widget_type=\"wpforms.default\">\n\t\t\t\t<div class=\"elementor-widget-container\">\n\t\t\t<div class=\"wpforms-container wpforms-container-full\" id=\"wpforms-360\"><form id=\"wpforms-form-360\" class=\"wpforms-validate wpforms-form wpforms-ajax-form\" data-formid=\"360\" method=\"post\" enctype=\"multipart\/form-data\" action=\"\/index.php?rest_route=%2Fwp%2Fv2%2Fpages%2F364\" data-token=\"755a89c18018e863bc59f5e43b356b12\"><noscript class=\"wpforms-error-noscript\">Veuillez activer JavaScript dans votre navigateur pour remplir ce formulaire.<\/noscript><div class=\"wpforms-field-container\"><div id=\"wpforms-360-field_0-container\" class=\"wpforms-field wpforms-field-name\" data-field-id=\"0\"><label class=\"wpforms-field-label\" for=\"wpforms-360-field_0\">Nom <span class=\"wpforms-required-label\">*<\/span><\/label><div class=\"wpforms-field-row wpforms-field-medium\"><div class=\"wpforms-field-row-block wpforms-first wpforms-one-half\"><input type=\"text\" id=\"wpforms-360-field_0\" class=\"wpforms-field-name-first wpforms-field-required\" name=\"wpforms[fields][0][first]\" required><label for=\"wpforms-360-field_0\" class=\"wpforms-field-sublabel after \">Pr\u00e9nom<\/label><\/div><div class=\"wpforms-field-row-block wpforms-one-half\"><input type=\"text\" id=\"wpforms-360-field_0-last\" class=\"wpforms-field-name-last wpforms-field-required\" name=\"wpforms[fields][0][last]\" required><label for=\"wpforms-360-field_0-last\" class=\"wpforms-field-sublabel after \">Nom<\/label><\/div><\/div><\/div><div id=\"wpforms-360-field_1-container\" class=\"wpforms-field wpforms-field-email\" data-field-id=\"1\"><label class=\"wpforms-field-label\" for=\"wpforms-360-field_1\">E-mail <span class=\"wpforms-required-label\">*<\/span><\/label><input type=\"email\" id=\"wpforms-360-field_1\" class=\"wpforms-field-medium wpforms-field-required\" name=\"wpforms[fields][1]\" spellcheck=\"false\" required><\/div><div id=\"wpforms-360-field_2-container\" class=\"wpforms-field wpforms-field-textarea\" data-field-id=\"2\"><label class=\"wpforms-field-label\" for=\"wpforms-360-field_2\">Message<\/label><textarea id=\"wpforms-360-field_2\" class=\"wpforms-field-medium\" name=\"wpforms[fields][2]\" ><\/textarea><\/div><\/div><!-- .wpforms-field-container --><div class=\"wpforms-submit-container\" ><input type=\"hidden\" name=\"wpforms[id]\" value=\"360\"><input type=\"hidden\" name=\"wpforms[author]\" value=\"1\"><button type=\"submit\" name=\"wpforms[submit]\" id=\"wpforms-submit-360\" class=\"wpforms-submit\" data-alt-text=\"Envoi...\" data-submit-text=\"Envoyer\" aria-live=\"assertive\" value=\"wpforms-submit\">Envoyer<\/button><img loading=\"lazy\" decoding=\"async\" src=\"https:\/\/creacom-paca.fr\/wp-content\/plugins\/wpforms-lite\/assets\/images\/submit-spin.svg\" class=\"wpforms-submit-spinner\" style=\"display: none;\" width=\"26\" height=\"26\" alt=\"Chargement en cours\"><\/div><\/form><\/div>  <!-- .wpforms-container -->\t\t<\/div>\n\t\t\t\t<\/div>\n\t\t\t\t\t<\/div>\n\t\t<\/div>\n\t\t\t\t\t\t\t<\/div>\n\t\t<\/section>\n\t\t\t\t<section class=\"elementor-section elementor-top-section elementor-element elementor-element-0c1ea74 elementor-section-boxed elementor-section-height-default elementor-section-height-default\" data-id=\"0c1ea74\" data-element_type=\"section\">\n\t\t\t\t\t\t<div class=\"elementor-container elementor-column-gap-default\">\n\t\t\t\t\t<div class=\"elementor-column elementor-col-100 elementor-top-column elementor-element elementor-element-a1f062c\" data-id=\"a1f062c\" data-element_type=\"column\">\n\t\t\t<div class=\"elementor-widget-wrap elementor-element-populated\">\n\t\t\t\t\t\t\t\t<div class=\"elementor-element elementor-element-ce20898 elementor-widget elementor-widget-spacer\" data-id=\"ce20898\" data-element_type=\"widget\" data-widget_type=\"spacer.default\">\n\t\t\t\t<div class=\"elementor-widget-container\">\n\t\t\t<style>\/*! elementor - v3.17.0 - 25-10-2023 *\/\n.elementor-column .elementor-spacer-inner{height:var(--spacer-size)}.e-con{--container-widget-width:100%}.e-con-inner>.elementor-widget-spacer,.e-con>.elementor-widget-spacer{width:var(--container-widget-width,var(--spacer-size));--align-self:var(--container-widget-align-self,initial);--flex-shrink:0}.e-con-inner>.elementor-widget-spacer>.elementor-widget-container,.e-con>.elementor-widget-spacer>.elementor-widget-container{height:100%;width:100%}.e-con-inner>.elementor-widget-spacer>.elementor-widget-container>.elementor-spacer,.e-con>.elementor-widget-spacer>.elementor-widget-container>.elementor-spacer{height:100%}.e-con-inner>.elementor-widget-spacer>.elementor-widget-container>.elementor-spacer>.elementor-spacer-inner,.e-con>.elementor-widget-spacer>.elementor-widget-container>.elementor-spacer>.elementor-spacer-inner{height:var(--container-widget-height,var(--spacer-size))}.e-con-inner>.elementor-widget-spacer.elementor-widget-empty,.e-con>.elementor-widget-spacer.elementor-widget-empty{position:relative;min-height:22px;min-width:22px}.e-con-inner>.elementor-widget-spacer.elementor-widget-empty .elementor-widget-empty-icon,.e-con>.elementor-widget-spacer.elementor-widget-empty .elementor-widget-empty-icon{position:absolute;top:0;bottom:0;left:0;right:0;margin:auto;padding:0;width:22px;height:22px}<\/style>\t\t<div class=\"elementor-spacer\">\n\t\t\t<div class=\"elementor-spacer-inner\"><\/div>\n\t\t<\/div>\n\t\t\t\t<\/div>\n\t\t\t\t<\/div>\n\t\t\t\t\t<\/div>\n\t\t<\/div>\n\t\t\t\t\t\t\t<\/div>\n\t\t<\/section>\n\t\t\t\t\t\t\t<\/div>\n\t\t","protected":false},"excerpt":{"rendered":"<p>Notre entreprise est \u00e0 votre disposition sur rendez-vous. Tous nos devis sont gratuits. Nous proposons nos services pour l&rsquo;ensemble de votre projet depuis la photographie, le clip vid\u00e9o, en passant par la conception graphique et l&rsquo;impression sur tous les supports. T\u00e9l\u00e9phone : 06 11 84 06 75 Mail : fleuveroi13@gmail.com Formulaire de contact<\/p>\n","protected":false},"author":1,"featured_media":0,"parent":0,"menu_order":0,"comment_status":"closed","ping_status":"closed","template":"","meta":{"site-sidebar-layout":"default","site-content-layout":"default","ast-global-header-display":"","ast-main-header-display":"","ast-hfb-above-header-display":"","ast-hfb-below-header-display":"","ast-hfb-mobile-header-display":"","site-post-title":"","ast-breadcrumbs-content":"","ast-featured-img":"","footer-sml-layout":"","theme-transparent-header-meta":"","adv-header-id-meta":"","stick-header-meta":"","header-above-stick-meta":"","header-main-stick-meta":"","header-below-stick-meta":"","footnotes":""},"class_list":["post-364","page","type-page","status-publish","hentry"],"yoast_head":"<!-- This site is optimized with the Yoast SEO plugin v21.4 - https:\/\/yoast.com\/wordpress\/plugins\/seo\/ -->\n<title>Contact - Creacom Paca<\/title>\n<meta name=\"robots\" content=\"index, follow, max-snippet:-1, max-image-preview:large, max-video-preview:-1\" \/>\n<link rel=\"canonical\" href=\"https:\/\/creacom-paca.fr\/?page_id=364\" \/>\n<meta property=\"og:locale\" content=\"fr_FR\" \/>\n<meta property=\"og:type\" content=\"article\" \/>\n<meta property=\"og:title\" content=\"Contact - Creacom Paca\" \/>\n<meta property=\"og:description\" content=\"Notre entreprise est \u00e0 votre disposition sur rendez-vous. Tous nos devis sont gratuits. Nous proposons nos services pour l&rsquo;ensemble de votre projet depuis la photographie, le clip vid\u00e9o, en passant par la conception graphique et l&rsquo;impression sur tous les supports. T\u00e9l\u00e9phone : 06 11 84 06 75 Mail : fleuveroi13@gmail.com Formulaire de contact\" \/>\n<meta property=\"og:url\" content=\"https:\/\/creacom-paca.fr\/?page_id=364\" \/>\n<meta property=\"og:site_name\" content=\"Creacom Paca\" \/>\n<meta property=\"article:modified_time\" content=\"2023-04-27T14:56:25+00:00\" \/>\n<meta property=\"og:image\" content=\"http:\/\/creacom-paca.fr\/wp-content\/uploads\/2022\/10\/denys-turrier-196x300.jpg\" \/>\n<meta name=\"twitter:card\" content=\"summary_large_image\" \/>\n<script type=\"application\/ld+json\" class=\"yoast-schema-graph\">{\"@context\":\"https:\/\/schema.org\",\"@graph\":[{\"@type\":\"WebPage\",\"@id\":\"https:\/\/creacom-paca.fr\/?page_id=364\",\"url\":\"https:\/\/creacom-paca.fr\/?page_id=364\",\"name\":\"Contact - Creacom Paca\",\"isPartOf\":{\"@id\":\"https:\/\/creacom-paca.fr\/#website\"},\"datePublished\":\"2022-10-17T07:43:58+00:00\",\"dateModified\":\"2023-04-27T14:56:25+00:00\",\"breadcrumb\":{\"@id\":\"https:\/\/creacom-paca.fr\/?page_id=364#breadcrumb\"},\"inLanguage\":\"fr-FR\",\"potentialAction\":[{\"@type\":\"ReadAction\",\"target\":[\"https:\/\/creacom-paca.fr\/?page_id=364\"]}]},{\"@type\":\"BreadcrumbList\",\"@id\":\"https:\/\/creacom-paca.fr\/?page_id=364#breadcrumb\",\"itemListElement\":[{\"@type\":\"ListItem\",\"position\":1,\"name\":\"Accueil\",\"item\":\"https:\/\/creacom-paca.fr\/\"},{\"@type\":\"ListItem\",\"position\":2,\"name\":\"Contact\"}]},{\"@type\":\"WebSite\",\"@id\":\"https:\/\/creacom-paca.fr\/#website\",\"url\":\"https:\/\/creacom-paca.fr\/\",\"name\":\"Creacom Paca\",\"description\":\"\",\"potentialAction\":[{\"@type\":\"SearchAction\",\"target\":{\"@type\":\"EntryPoint\",\"urlTemplate\":\"https:\/\/creacom-paca.fr\/?s={search_term_string}\"},\"query-input\":\"required name=search_term_string\"}],\"inLanguage\":\"fr-FR\"}]}<\/script>\n<!-- \/ Yoast SEO plugin. -->","yoast_head_json":{"title":"Contact - Creacom Paca","robots":{"index":"index","follow":"follow","max-snippet":"max-snippet:-1","max-image-preview":"max-image-preview:large","max-video-preview":"max-video-preview:-1"},"canonical":"https:\/\/creacom-paca.fr\/?page_id=364","og_locale":"fr_FR","og_type":"article","og_title":"Contact - Creacom Paca","og_description":"Notre entreprise est \u00e0 votre disposition sur rendez-vous. Tous nos devis sont gratuits. Nous proposons nos services pour l&rsquo;ensemble de votre projet depuis la photographie, le clip vid\u00e9o, en passant par la conception graphique et l&rsquo;impression sur tous les supports. T\u00e9l\u00e9phone : 06 11 84 06 75 Mail : fleuveroi13@gmail.com Formulaire de contact","og_url":"https:\/\/creacom-paca.fr\/?page_id=364","og_site_name":"Creacom Paca","article_modified_time":"2023-04-27T14:56:25+00:00","og_image":[{"url":"http:\/\/creacom-paca.fr\/wp-content\/uploads\/2022\/10\/denys-turrier-196x300.jpg"}],"twitter_card":"summary_large_image","schema":{"@context":"https:\/\/schema.org","@graph":[{"@type":"WebPage","@id":"https:\/\/creacom-paca.fr\/?page_id=364","url":"https:\/\/creacom-paca.fr\/?page_id=364","name":"Contact - Creacom Paca","isPartOf":{"@id":"https:\/\/creacom-paca.fr\/#website"},"datePublished":"2022-10-17T07:43:58+00:00","dateModified":"2023-04-27T14:56:25+00:00","breadcrumb":{"@id":"https:\/\/creacom-paca.fr\/?page_id=364#breadcrumb"},"inLanguage":"fr-FR","potentialAction":[{"@type":"ReadAction","target":["https:\/\/creacom-paca.fr\/?page_id=364"]}]},{"@type":"BreadcrumbList","@id":"https:\/\/creacom-paca.fr\/?page_id=364#breadcrumb","itemListElement":[{"@type":"ListItem","position":1,"name":"Accueil","item":"https:\/\/creacom-paca.fr\/"},{"@type":"ListItem","position":2,"name":"Contact"}]},{"@type":"WebSite","@id":"https:\/\/creacom-paca.fr\/#website","url":"https:\/\/creacom-paca.fr\/","name":"Creacom Paca","description":"","potentialAction":[{"@type":"SearchAction","target":{"@type":"EntryPoint","urlTemplate":"https:\/\/creacom-paca.fr\/?s={search_term_string}"},"query-input":"required name=search_term_string"}],"inLanguage":"fr-FR"}]}},"_links":{"self":[{"href":"https:\/\/creacom-paca.fr\/index.php?rest_route=\/wp\/v2\/pages\/364","targetHints":{"allow":["GET"]}}],"collection":[{"href":"https:\/\/creacom-paca.fr\/index.php?rest_route=\/wp\/v2\/pages"}],"about":[{"href":"https:\/\/creacom-paca.fr\/index.php?rest_route=\/wp\/v2\/types\/page"}],"author":[{"embeddable":true,"href":"https:\/\/creacom-paca.fr\/index.php?rest_route=\/wp\/v2\/users\/1"}],"replies":[{"embeddable":true,"href":"https:\/\/creacom-paca.fr\/index.php?rest_route=%2Fwp%2Fv2%2Fcomments&post=364"}],"version-history":[{"count":22,"href":"https:\/\/creacom-paca.fr\/index.php?rest_route=\/wp\/v2\/pages\/364\/revisions"}],"predecessor-version":[{"id":734,"href":"https:\/\/creacom-paca.fr\/index.php?rest_route=\/wp\/v2\/pages\/364\/revisions\/734"}],"wp:attachment":[{"href":"https:\/\/creacom-paca.fr\/index.php?rest_route=%2Fwp%2Fv2%2Fmedia&parent=364"}],"curies":[{"name":"wp","href":"https:\/\/api.w.org\/{rel}","templated":true}]}}